57 = 0. Is u a prime number?
False
Suppose -11*g = 2*g - 87113. Is g a composite number?
False
Suppose i = -4*k + 3117, -6294 = -2*i - 0*i + 4*k. Is i a composite number?
False
Suppose 7*w = 2*w + 90. Is 50882/w - -2*5/45 prime?
False
Let t(j) = -j**3 + 9*j**2 + 2*j + 15. Let l be t(10). Let i = -28 - l. Is i a composite number?
False
Let w be (-46 + 18)*6/7. Let r be w/(-180) - 2426/(-30). Suppose h - r = 118. Is h composite?
False
Suppose y + 8 = -1. Let i(n) be the first derivative of -17*n**2/2 - 8*n - 2. Is i(y) a prime number?
False
Let h be (-2 - 2) + 21/3. Let g = 476 - 292. Suppose -g = -h*f - f. Is f prime?
False
Let z = -1369 + 13232. Is z prime?
True
Suppose l + 1 = -0. Suppose -5*o - 10 = -5*n, -2*o + 3*o = -n + 2. Is ((-20)/n)/l + -1 a prime number?
False
Suppose n - 1 = 5. Suppose -164 = -n*x + 2*x. Suppose 0 = o - x - 300. Is o prime?
False
Is 5287 + -30*3/(-9) prime?
True
Suppose w = -4*w. Let p = w - -5. Suppose -k - 4*z = -119, 94 = 2*k + p*z - 132. Is k composite?
False
Let a be 10/25 + (-8)/(-5). Suppose -3*p + 2667 = -n, 1443 + 335 = a*p - 4*n. Is p composite?
True
Let u(p) = 4*p**2 - 14*p - 14. Suppose -3*c + 2*c + 24 = 2*k, k - 4*c - 12 = 0. Is u(k) a prime number?
False
Let f be 78/18 - 2/(-3). Let p be (-32)/(-6) + f/(-15). Suppose p*z + 9 = k - 37, 48 = 3*k + 3*z. Is k prime?
False
Let k be ((-14)/(-28))/((-1)/(-2)). Let c be k/(-7) + 187750/70. Suppose -7*w + 1189 = -c. Is w a composite number?
True
Let b = 8 - 5. Suppose 0*g + 210 = 3*g + b*z, 274 = 4*g - 2*z. Is g a prime number?
False
Suppose m - 7 = -1. Let r(n) = 9*n + 17*n + m*n - 9*n. Is r(1) a composite number?
False
Let j(s) = 5282*s + 13. Is j(2) prime?
False
Suppose 0 = 6*k - 5178 - 9444. Is k a prime number?
True
Let h(i) = 12 - 36*i - i**2 + 7 + 2*i**2 + 54*i. Let b be h(-17). Suppose 4*r - 489 = -u + 1286, -b*r - 2*u + 892 = 0. Is r prime?
True
Let m(v) = -v - 4. Let o be m(-7). Suppose 30 = 5*n + 5*r - r, o*n - 5*r + 19 = 0. Suppose 0 = 5*d + h + n*h - 473, h = -4. Is d a prime number?
True
Let i = -3 + 5. Let y be i/((-579)/144 - -4). Is 2/6 + y/(-9) prime?
True
Suppose -2*y = -4*s - 6, 5*s = y - 5 + 2. Let r be -3*(3 - 4) - y. Suppose -9 = -3*d, -244 = -t + 5*d - r*d. Is t prime?
False
Let x(o) = o**3 + 7*o**2 - 8*o + 5. Let z be x(-8). Suppose 2*i + 3441 = z*i - 4*d, -2*d + 2308 = 2*i. Is i composite?
False
Let g be 374/(-6) + 3/9. Let x = g + 147. Is x a composite number?
True
Suppose 13*u - 16*u + 262477 = 5*b, 5*b - 3*u - 262453 = 0. Is b a prime number?
False
Let v = -38 + 22. Let o = 23 + v. Suppose o*w = 4*w + 447. Is w composite?
False
Let h be (17/((-136)/144))/((-4)/(-26)). Is -20*(h/4 + -5) a composite number?
True
Suppose -5*o = -2*o - 291. Let k = -40 + 62. Let j = k + o. Is j a prime number?
False
Let k(j) = j - 15. Let v(r) = r**3 - r**2 + 3*r - 1. Let s be v(2). Let w(l) = 7. Let y(b) = s*w(b) + 4*k(b). Is y(5) composite?
False
Let m(l) = 313*l**2 + 9*l - 33. Is m(3) composite?
True
Suppose 2*v + 312 = y + 5*v, 4*v = 4*y - 1296. Suppose -14*a + 17*a + 330 = 0. Let r = a + y. Is r prime?
True
Let a(y) = -5 + 17*y**2 + 7*y**2 - y + 2. Suppose -x = -5*i + 11, -2*x + 5*x - 9 = i. Is a(x) prime?
False
Let v(i) = -i**3 - 2*i**2 + 9 + 8 - 10*i + 3*i - 9*i. Is v(-12) a composite number?
True
Suppose -2*x - 12519 = -5*w, 13*w - 17*w = -5*x - 10022. Is w a prime number?
True
Let z be (0 - 0) + (1 - -2) + -1. Is 124/(-8)*2*(z + -13) composite?
True
Let z be 1*(1 + 3) + 30/(-3). Let o(a) = -15*a**3 - 2*a**2 + 3*a - 31. Is o(z) a prime number?
True
Let u = -128181 - -403694. Is u composite?
True
Suppose 0 = -6*l - 15450 + 103404. Is l prime?
False
Let c(i) = i**3 + 3*i**2 + i - 3. Let l be c(-13). Let m = l - -3126. Is 1/4 + m/16 a composite number?
False
Let t be (-28)/42 + 2 + 20/3. Suppose t*g + 3351 = 11*g. Is g prime?
True
Is (-177601)/(-17) + 12/(-102) a composite number?
True
Is (-762)/8*25/((-525)/8596) composite?
True
Suppose 60 = 2*w + 2*w. Let q be (-4)/3 - 10/w. Let o(l) = 41*l**2 - 3*l - 3. Is o(q) a composite number?
False
Suppose -3*d + r = 4888, 3*d + 0*d = -4*r - 4883. Let m = d + -1286. Is m/(-20) - 3/4 a prime number?
False
Let q(n) = n**3 - n - 343. Let h be q(0). Let t = -186 - h. Is t a prime number?
True
Let o(p) be the first derivative of -p**3/3 - p**2/2 + p + 5. Let g(c) = -2*c**3 + 2*c**2 + 7*c - 5. Let d(z) = -g(z) - 3*o(z). Is d(5) a prime number?
True
Let v = 0 + 22. Is (-8)/(-44) - (-14714)/v a composite number?
True
Suppose 0 = -0*a + 4*a - 4*q - 1544, 3*q + 1539 = 4*a. Is a prime?
False
Let p = -137 + 437. Let y = -61 + p. Is y composite?
False
Let d(k) = 60*k**2 - 51*k - 205. Is d(-18) a prime number?
False
Let j(w) = -w**3 + 5*w**2 - 2*w - 1. Let q be j(2). Suppose -339 = q*z - 1816. Is z composite?
False
Let t(v) = v**2 + 8*v - 6. Let p be t(-7). Let y(l) = -l**3 - 13*l**2 - 19*l + 4. Is y(p) prime?
True
Suppose 2*c - 7 = 4*i - 23, 3*c = 0. Suppose -1 = i*r + 23. Is r/12*-7*74 a composite number?
True
Suppose -29*t - 285965 = -1696728. Is t a prime number?
True
Let n be 2 - ((-2 - -1) + -1). Let i(k) = -8*k**2 - 8*k + 5. Let o(b) = 7*b**2 + 8*b - 5. Let r(p) = n*i(p) + 5*o(p). Is r(-6) a prime number?
False
Is 8951*(1 - -1)*5/10 prime?
True
Let r = -10 - -1. Let s be (r/(-18))/(1/(-2)). Is ((-614)/s)/2 + 0 a composite number?
False
Let o = 29011 - 9170. Is o a prime number?
True
Let g(u) = 1556*u**3 + u**2 - 10*u + 5. Is g(4) a composite number?
True
Suppose 5*m - 25957 = -c, 10393 = -2*m + 4*m - 3*c. Suppose -m = -5*d + 2003. Is d a composite number?
False
Suppose -v - 861 - 16359 = -5*b, 3*b = -2*v + 10319. Is b prime?
False
Let t(r) = 317*r - 9. Suppose 2*n = -o + 11, 4*n - o = -2*o + 19. Suppose n*v = 8 + 8. Is t(v) a prime number?
True
Suppose -1070 = 16*s - 11*s. Let z = 541 - s. Is z a composite number?
True
Let r be 90/4*52/(-3). Let q be ((-14)/3)/((-20)/r). Let s = q - -270. Is s composite?
False
Suppose 2*y + 2*t = 3*y + 13, 32 = -4*y - 2*t. Let l(o) = o + 13. Let a be l(y). Suppose 3*c + 61 = n, -4*c - 250 = -n - a*n. Is n composite?
True
Suppose 0 = -5*p - 2*g + 21, -5*p = -p - 2*g - 24. Suppose -u + p + 7 = -2*y, 5*y + 3 = -2*u. Is (2/u)/(3/171) composite?
False
Is 1347/4*(-16)/(-12) composite?
False
Suppose 2*l - 2154 - 1947 = 5*p, -2*l - 5*p = -4111. Is l composite?
False
Let n(p) = 6*p - 4*p**2 + 16*p**3 - 6 + p**2 + 7*p**2 - 3*p**2. Let t be n(3). Let x = t - 310. Is x composite?
True
Let n = 9 - 6. Let x be (113/n)/(8/24). Suppose 3*h + 47 - x = 0. Is h a composite number?
True
Let r(j) = 192*j**2 + 9*j - 1. Is r(-12) composite?
False
Suppose -6*f + 2*f = -36. Let m = f - 10. Is (9/(-18))/(m/382) prime?
True
Suppose 2*w - 2*r + 9 - 23 = 0, -3*r = -5*w + 43. Let s = w - 13. Is s/(-6) - (-880)/15 a composite number?
False
Let f(h) = 322*h**3 + h**2 + 3*h - 5. Is f(2) composite?
True
Let k be -5*(-177)/(-3)*(-8 - -6). Let b = k - 175. Is b a prime number?
False
Suppose 7166 = 2*g + 5*k, -2*k = -2*g - 1436 + 8630. Is g composite?
False
Let x(v) = v**3 + 23*v**2 + 2*v + 51. Let c be x(-23). Suppose 0 = -c*q + f + 1468, q - 5*f = -0*f + 308. Is q a composite number?
False
Let n(d) = 3*d**2 + 13*d + 21. Let z = -27 + 17. Is n(z) a composite number?
False
Let b = 44 - 28. Suppose -5*w + w = -b. Suppose -142 = -w*y + 874. Is y a prime number?
False
Suppose -10*l + 13*l + 4*y = 14357, 0 = 2*l + y - 9568. Is l prime?
True
Let v = 4 + -20. Let f = v + 23. Suppose -2*s - 2*k + 110 = 0, -f*s = -3*s + k - 220. Is s composite?
True
Let s(m) be the second derivative of -m**3/2 - 13*m**2 - 12*m. Is s(-12) a composite number?
True
Suppose -49864 = -13*g + 5*g. Suppose -g = -5*d - 568. Is d composite?
True
Suppose 28 = 4*s + 4*p, 4*s - 3*p - 18 = -5*p. Is (2/(-4))/(s/(-12)) a prime number?
True
Suppose -6 = 15*q - 6. Is (q - 1423/(-2))*(0 + 2) a prime number?
True
Suppose -g + 5 + 0 = 0. Suppose 0*p = 4*y + p - 14989, 0 = 4*y - g*p - 14959. Suppose -7*w = 1597 - y. Is w a composite number?
False
Suppose 36*x + 3454 - 11050 = 0. Is x prime?
True
Suppose -4*n = -u - 3*u - 24, -u + 14 = 4*n. Suppose 5*d - 583 = -n*h, h - 113 = -d - h. Is d composite?
True
Suppose -3*g = 3*a + 2 + 1, 4*g - 20 = 4*a. Suppose -g*b - 5*f = -1407, -3*f = -4*b - 487 + 3236. Is b prime?
True
Let k = 17 - 4. Suppose -66 = -m - k. Is m